 g = s - 16. What are the prime factors of g?
7
Let w = 22 - -57. List the prime factors of w.
79
Let k(q) = q - 3. Let x be 2 + 9*4/6. Let b be k(x). Let j(d) = d**3 - 4*d**2 - 2*d - 7. What are the prime factors of j(b)?
2
Suppose -2*w + 5*w - 81 = 0. Suppose -5*h + 38 = -w. List the prime factors of h.
13
Let m be -1 - 2/(4/6). Let h be (-2 + 1 + 1)/1. Let g = h - m. List the prime factors of g.
2
Let t(z) = 2*z**3 - 2*z**2 - 2*z. Let d be t(2). Let h = 15 - d. List the prime factors of h.
11
Let a(j) = 8*j**3 - j**2 - j + 1. Let y(g) be the first derivative of g**4/4 + 4*g**3/3 + 2*g**2 + 4*g - 3. Let n be y(-3). List the prime factors of a(n).
7
What are the prime factors of -7*(-5 - 2 - 0)?
7
Suppose 13*k - 14*k + 131 = 0. What are the prime factors of k?
131
Let r be (12/8)/((-6)/(-88)). Let q be r/(-6) - (-6)/9. What are the prime factors of 19/4 - q/12?
5
Let w be 4/2 - (0 - 2). Let g be (-21)/(-2) - (-6)/w. Let f = g - 1. What are the prime factors of f?
11
Let r(z) = z + 2. Suppose -4*f + 49 = 9. What are the prime factors of r(f)?
2, 3
Suppose 5*p - 2 = b + 4, 0 = -3*p. Let z = b - -9. Suppose -z*j + 10 = -2*j. List the prime factors of j.
2, 5
Let m be 1/((-19)/(-6) + -3). Let l(r) = r. List the prime factors of l(m).
2, 3
List the prime factors of (17/4)/(21/336).
2, 17
Let o = -59 + 191. Suppose -5*k = 37 - o. Suppose 2*f = -0*f + 2*z + 16, -4*z - k = -3*f. List the prime factors of f.
13
Suppose 50 = 5*r - 0*r. List the prime factors of r.
2, 5
Let n(z) = -z**3 - 6*z**2 + 4*z + 4. Let c be n(-6). Let m = c - -61. List the prime factors of m.
41
Let d = -11 + 15. Suppose 4*t = 2*t + d. What are the prime factors of t?
2
Let r be -2*2 + 1 + 7. Suppose 0 = -5*h + 2*i - 31, -21 = 5*h - r*i + 6. Let y(u) = -u**3 - 6*u**2 + 7*u + 10. List the prime factors of y(h).
2, 5
Let c be (-4 - -1) + (15 - 9). Suppose 0 = 7*r - c*r - 60. List the prime factors of r.
3, 5
Let b = 32 - 106. Let d = -37 - b. What are the prime factors of d?
37
Let d = 54 + -28. What are the prime factors of d?
2, 13
Let j be (2 - 3)*-1 - 1. Suppose j = -3*o + f + 106, 50 = o + 3*f - 2. List the prime factors of o.
37
Let g = -7 + 7. Suppose g*x = -2*x + 36. List the prime factors of x.
2, 3
Let a = -3 - -8. Suppose o = a*y + 12, -y - 10 = 4*y. Suppose -o*i - c + 35 = 0, 0 = -5*i - 4*c - 0*c + 95. List the prime factors of i.
3, 5
Suppose -3 = -3*v + 2*s, 4*s - 9 = s. Suppose -3*b + v*y = -54, 4*b - 2*b - 5*y - 30 = 0. Suppose 7*k - 2*k - b = 0. What are the prime factors of k?
2
Suppose -5*x + 709 - 64 = 0. Suppose -2*f - 3*f + 3*j = -x, -2*j + 66 = 3*f. What are the prime factors of f?
2, 3
Let l(h) = 3*h**2 + h - 5. Let n be l(7). Suppose -2*u = -2*y - 3*y + 151, 3*u = 5*y - n. List the prime factors of y.
31
Suppose -5*c - 4*q - 166 = 0, 3*c + 99 = 4*q - 7*q. Let l = c - -48. What are the prime factors of l?
2, 7
Suppose 2*s = -3*s + 15. Let m = s + 2. Suppose 4*q - 5*u - 11 = 0, m*u - 13 = 2*q - 4*q. What are the prime factors of q?
2
Let c be (-1 - 15/(-9))*3. Suppose c*h - 24 = -2*h. What are the prime factors of h?
2, 3
Suppose -2*t - 5*l - 19 = 0, 3*l - 4 = 3*t - 2*t. Let r = t + 22. List the prime factors of r.
3, 5
Suppose 3*l - 44 = -g, l + 3*g = -l + 34. List the prime factors of l.
2, 7
Let l(g) be the second derivative of g**5/20 - 5*g**4/12 + g**3 - 5*g**2/2 - 2*g. Let h be l(4). What are the prime factors of h/(-8)*6*-4?
3
Suppose 0 = -l - s - 3*s - 2, -3*l + s + 46 = 0. What are the prime factors of l?
2, 7
Suppose 4*w + 14 = 30. Suppose -w + 1 = t, 2*g + 2*t = 58. List the prime factors of g.
2
Suppose 0 = 2*p + p + 9. What are the prime factors of (-18)/(-27) + (-58)/p?
2, 5
Let x(g) = 2*g**3 + g**2 - 2*g + 1. Let l be x(1). Suppose -y - l*b - b = -73, -3*y + b + 179 = 0. Suppose 0 = -4*p + y - 13. What are the prime factors of p?
2, 3
Suppose f - 5*q - 78 = 0, 4*f - 437 = -5*q - 0*q. List the prime factors of f.
103
Let i = -5 - -4. List the prime factors of -2 + 3 + i + 14.
2, 7
List the prime factors of (1/(-3))/(3/(-522)).
2, 29
Let i(q) = q**2 + 3*q - 6. Let o be i(-5). Suppose 12 = -w - 4*s, -3*w = s - o*s - 24. List the prime factors of w.
2
Suppose 0 = -l - 5*l + 684. What are the prime factors of l?
2, 3, 19
Let p(g) = -g + 8. Suppose 12 = 5*m - 3*j, -9*j - 20 = -4*m - 4*j. List the prime factors of p(m).
2
Suppose 3*i = -5*o - 25, 13 = o - 5*i + 2*i. Let k(t) = -t**3 - 2*t**2 - 3*t - 1. Let u be k(o). Suppose 4*v = 27 + u. List the prime factors of v.
2
Suppose -3*p = -6*p. Suppose 3*y + l = -p*l - 1, 2*l = -2. Suppose y*k = -5*k + 20. List the prime factors of k.
2
Let k = -3 - -13. List the prime factors of k.
2, 5
Let i(g) = -20*g + 44. List the prime factors of i(-17).
2, 3
Let n(m) = -m**3 + m + 2. Let o be n(2). Let p be (4/6)/(o/(-6)). List the prime factors of (132/6)/(2*p).
11
What are the prime factors of 3/(9/78) + 0?
2, 13
Suppose -3*b + 0*b = -18. Let o(k) = -k**3 + 5*k**2 + 7*k. List the prime factors of o(b).
2, 3
Suppose -34*r + 37 = -33*r. What are the prime factors of r?
37
Suppose 4*n + 8 = -4*j, 3*n = 4*j - 2*j - 6. Suppose j = -2*a - 0*a + 66. What are the prime factors of a?
3, 11
List the prime factors of 0 + 2690/12 - (-1)/(-6).
2, 7
Let m be 1 + 3 + (5 - 1). Let n(t) = t**3 - 9*t**2 + 10*t - 1. List the prime factors of n(m).
3, 5
Let b(p) be the third derivative of -p**6/180 + p**5/30 + p**4/24 - 3*p**2. Let n(d) be the second derivative of b(d). What are the prime factors of n(-4)?
2, 5
Let i = -25 - -29. Suppose -28 = 3*k - i*k. What are the prime factors of k?
2, 7
Suppose 4*i = 2*i + 4*u, 0 = -i - 4*u + 6. Let k(r) = -8*r + r**2 + r**2 - 3*r**i - 3. What are the prime factors of k(-5)?
2, 3
Let d = 63 - 36. What are the prime factors of d?
3
Let n be 3/((-49)/(-48) + -1). Let v be (-3 - 2 - -3) + 16. List the prime factors of n/v - (-10)/(-35).
2, 5
Let o(n) be the first derivative of -n**2/2 + 3*n - 1. Suppose 0 = -3*h + h. What are the prime factors of o(h)?
3
Let b(a) = a**2 + 6*a - 4. Let q be b(-7). Suppose -q*z + 30 = -21. Suppose 2*m - z = 7. List the prime factors of m.
2, 3
Let w = 1 + 6. Let o = w - 10. What are the prime factors of (-28)/(-6) + (-1)/o?
5
Let y = 90 + -36. List the prime factors of y.
2, 3
Suppose 4*f - 114 = f. What are the prime factors of f?
2, 19
Let m = 3 + 1. What are the prime factors of (m + -1 + -11)*-1?
2
Suppose 0 = 3*o - 6*o + 54. What are the prime factors of (-2)/(-9) + 266/o?
3, 5
Let k be (2 + 3 - -1) + -1. Suppose k*x = x + 12. List the prime factors of x.
3
Let o(m) = 11*m**3 - 2*m**2 - m + 0*m**2 + m**2. Let k be o(-1). Let v = 21 + k. What are the prime factors of v?
2, 5
Suppose 19 = 8*c + 3. What are the prime factors of c?
2
Let h(j) = -10*j**2 - 2*j - 1. Let u be h(-1). What are the prime factors of 2/u - 715/(-99)?
7
Suppose 0 = q + 5*y - 216, 2*q + 5*y = -3*q + 1020. What are the prime factors of q?
3, 67
Suppose -l = l - 32. Suppose -2*c = -0 - l. Let q = -4 + c. List the prime factors of q.
2
Let r(w) = -w**3 + 2*w**2 + 4*w + 1. Let g be (-5)/(-2) - 2/(-4). Let f be r(g). What are the prime factors of (-3 + -2)*f/(-10)?
2
Let d = 11 + 13. Let b = 40 - d. What are the prime factors of b?
2
Let o(r) = -10*r + 14. What are the prime factors of o(-10)?
2, 3, 19
Let l be -1*8 + -3 + 1. List the prime factors of (-15)/l - 19/(-2).
11
Let q(x) = -x**3 + 9*x**2 - 7*x - 2. Let r be q(8). Suppose 0 = j + j - r. Suppose -j*i + f = -10, f + 20 = 4*i - 2*f. What are the prime factors of i?
2
Suppose 79*d - 279 = 76*d. List the prime factors of d.
3, 31
Let c(g) = g + 3. Let o(k) = 2*k - 4. Let p be o(4). Suppose 36 = -0*j + p*j. List the prime factors of c(j).
2, 3
Suppose t + t - k = 0, 5*k = -t + 22. Suppose 3 - 9 = t*j, 11 = -4*a + 3*j. Let y = a - -14. What are the prime factors of y?
3
Let q(g) be the first derivative of -5*g - 2 + g**2 + 2 - 2. List the prime factors of q(6).
7
What are the prime factors of 1*5/(15/246)?
2, 41
Let f(h) = -2*h**3 - h - 1. What are the prime factors of f(-1)?
2
Let z(h) be the first derivative of 8*h**3/3 - 3*h**2/2 - 4*h - 1. Let q(r) = -7*r**2 + 3*r + 3. Let d(s) = -6*q(s) - 5*z(s). List the prime factors of d(2).
2
Suppose 103 = 3*n - 14. What are the prime factors of n?
3, 13
Let k be (-298)/(1 + -1 + -2). Suppose -4*